ide w?
True
Suppose -y + 31*n - 30*n + 27829 = 0, 0 = -2*n - 8. Is y a multiple of 25?
True
Let g be ((-90)/24 - -6) + 2/(-8). Suppose 2*t - 6 = -g. Does 35 divide (3 + 5)/t + (207 - 1)?
True
Let x(y) = 25*y + 24. Let t be (-2)/(-9) - (-43)/9 - 1. Is 8 a factor of x(t)?
False
Let b be 630/252*2*(-1 - -2). Suppose 5*z - 3991 = -5*a - 1451, -3*z - b*a + 1520 = 0. Is z a multiple of 51?
True
Let k(g) be the third derivative of 5*g**4/24 + 95*g**3/6 + 135*g**2. Is k(-14) a multiple of 5?
True
Suppose -2*d = 4*b - 52, b - 18 = 4*d - 2*d. Suppose -2*a - b + 390 = 0. Suppose -5*u - 5*i = 66 - 346, 0 = 3*u - 2*i - a. Does 6 divide u?
True
Suppose 3*h - 3*z = -6, 2*h + 5*z - 2*z = -24. Let t = h - -438. Is 24 a factor of t?
True
Let t be ((-72)/(-5))/((-12)/(-30)). Does 13 divide 1309/(-154)*(-5)/(10/t)?
False
Suppose -2*n + 8*n = 0. Suppose 0 = k - n*k. Let l(i) = i**2 + 84. Does 12 divide l(k)?
True
Let x = 21562 - 17303. Is x a multiple of 32?
False
Suppose 0 = -5*c - 5*f + 26321 + 26724, c = 5*f + 10603. Suppose 35*l = 47*l - c. Is 26 a factor of l?
True
Suppose 3*z = -2*z + 10. Suppose z*h = -2*y + 344, 5*y - 6*h = -3*h + 884. Is y a multiple of 42?
False
Let m(h) = -5*h**2 + 99*h + 10. Let u be m(17). Suppose 208*a = 206*a + u. Is a a multiple of 4?
True
Suppose 13 = u + 2*i, 0*i + 32 = 4*u + 3*i. Suppose -u*v + 11 = 1. Suppose 80 = 6*a - v*a. Is 4 a factor of a?
True
Let u = -235 - -515. Suppose -12*r - u = -3568. Does 41 divide r?
False
Let y(f) = -f**3 + 11*f**2 + 2*f - 5. Let j be y(11). Is 39*(6/(-27) - j/(-9)) a multiple of 4?
False
Let o = -484 - -6691. Is o a multiple of 12?
False
Let g = 16 - 17. Let u be g*(-1 - -2)*-2. Suppose 0 = 4*o + u*a - 14, 5*o - 13 = -a. Does 2 divide o?
True
Let r = 396 - 422. Let f = 99 - r. Does 25 divide f?
True
Suppose o = b + 2*o - 28, -4*b + 4*o + 128 = 0. Let m be (-1125)/b*(-4)/3. Suppose g = -k + m + 23, -2*g + 5*k + 132 = 0. Does 8 divide g?
False
Let t(g) = -4*g**2 - 30*g**2 - 28*g**2 + 2 - 50*g**2. Let d be t(-1). Let c = d - -200. Is 10 a factor of c?
True
Let s(f) = -3*f - 34. Let q be s(-12). Suppose 0 = 3*d - y - 25, -5*d + q*d - 4*y = -50. Let l(n) = 5*n - 10. Does 8 divide l(d)?
True
Suppose -156 = -20*c + 14*c. Suppose c*b - 31*b + 4 = -2*o, o - b = 1. Is o a multiple of 3?
True
Let p(j) = 25*j - 12. Let w be p(-8). Let v = w + 739. Suppose -5*c + 214 = 2*u, -5*u = -2*c - 66 - v. Is 8 a factor of u?
False
Let f(i) = -10*i + 2*i**2 + 18 - 4*i**2 + 6*i**2. Let s(k) = -15*k + 606. Let r be s(40). Is 17 a factor of f(r)?
True
Is (9720/315)/(0 - (-2)/98) a multiple of 84?
True
Let r(k) = 4*k - 1. Let d(i) = 37*i - 32. Let g(w) = d(w) - 5*r(w). Is 5 a factor of g(17)?
False
Let c(y) = -12*y**3 + y**2 - 1. Let s be c(-1). Suppose -11*q - s = -14*q. Suppose -2*n + 4 = 0, q*p - n = n + 400. Does 7 divide p?
False
Let b = -338 - -141. Let n = b + 494. Does 11 divide n?
True
Let j = 15080 + -7385. Does 19 divide j?
True
Suppose 0 = 87*v - 77*v - 3500. Is 25 a factor of v?
True
Let s be (-779)/(-950)*10*1*5. Suppose 0 = 3*g + 5 - 20. Suppose 4*o = g*i - 306, i - 2*o - 19 - s = 0. Is 31 a factor of i?
True
Let p(y) = -5*y + 2. Let c be p(5). Let w = 23 + c. Suppose -4*d = -3*a - 229, 0 = -w*d + d + 4*a - 43. Does 11 divide d?
True
Let z(j) be the third derivative of 6*j**2 + 0*j + 0 + j**3 + 1/24*j**4. Is z(14) a multiple of 7?
False
Let h(m) = 3*m**2 + 8*m - 60. Let r = -290 - -305. Does 15 divide h(r)?
True
Does 16 divide 0 - 26976/(-9)*(7 + -1)?
True
Let k(c) = c**2 - 20*c - 21. Let j be k(21). Suppose j = -12*i - i + 3081. Does 33 divide i?
False
Does 12 divide (6776/3 - 50/300)*4?
False
Let u(o) be the third derivative of -o**6/120 - o**5/5 - 7*o**4/8 + 13*o**3/6 + o**2. Suppose -212 = 48*d + 268. Is u(d) a multiple of 3?
False
Let w = 50 - 134. Let r = w - -89. Suppose f - 2*f + 57 = 4*a, r*a = f - 57. Is 6 a factor of f?
False
Let d = -3943 + 9758. Is d a multiple of 22?
False
Let n = 6878 + 5730. Is n a multiple of 10?
False
Suppose 622 = 9*z - 7*z. Let n = z - 88. Is n a multiple of 17?
False
Suppose 0 = -3*d + d + 11*d. Suppose d = -6*b + 414 - 138. Is 12 a factor of b?
False
Suppose f - 110 + 22 = 0. Suppose 0 = 4*t - t - 3*q + 132, 0 = -2*t + 3*q - 84. Let g = f + t. Is g a multiple of 18?
False
Suppose 5*l + 0*l + 447 = 4*z, -75 = l + 4*z. Let q = l + 120. Does 11 divide q?
True
Suppose 3*i = 4*k - 1503 - 842, 2*k + 5*i - 1205 = 0. Is k a multiple of 10?
True
Let b(d) = -3*d - 3. Let w be b(-3). Suppose 0*f + w = -2*f. Is -66*f/6*1 a multiple of 33?
True
Let g(t) = -t**3 - t**2 + 3*t + 1. Suppose z = 7 + 6. Let f(y) = y**2 - 12*y - 16. Let r be f(z). Is 5 a factor of g(r)?
True
Suppose 6*i - 10 = 4*i. Suppose i = -s + 4. Is 1*(s - (-1 - 95)) a multiple of 19?
True
Let x = 28 - 26. Let a be -2 - -15 - (-3 + 12/x). Let b(c) = 4*c + 20. Is b(a) a multiple of 10?
True
Suppose 415*x - 424*x + 10 = -17. Let w(k) = 7*k**3 + k**2 + 14*k + 3. Let b(f) = -3*f**3 - 7*f - 1. Let z(j) = 13*b(j) + 6*w(j). Does 25 divide z(x)?
False
Let b be ((-1)/6 - (-39)/18)/(-2). Let i(u) be the first derivative of 20*u**3 + 2*u**2 + 4*u - 27. Is i(b) a multiple of 6?
True
Suppose c + 4*o + 9 = 0, -c + 4*o - 1 = -16. Suppose 0 = 3*d - 21 + c. Suppose 5*b = d*b - 149. Is 22 a factor of b?
False
Let j(l) be the first derivative of l**4/4 + 22*l**3/3 - l**2/2 + 64*l + 131. Does 16 divide j(-22)?
False
Suppose -4*v + 58 + 9 = 5*u, 2*v - 4*u = 40. Let d = 99 + v. Is 3 a factor of d?
True
Let x be (-6 - -7)*(8 - 3). Suppose 5*t + 5*v - 1523 = -538, -2*v = -x*t + 971. Does 65 divide t?
True
Suppose -3*s + 654 = -4*n, 1113 = 3*s + 2*s + n. Let y = 2413 + -2570. Let i = s + y. Does 13 divide i?
True
Suppose -3*w = -3*i + 360, -5*i - 5*w = -i - 462. Let p = -48 + i. Is p a multiple of 7?
True
Suppose m + 3*m - 32 = 0. Suppose 6*f = -m*f + 406. Is f a multiple of 10?
False
Suppose q = 2*j - 748 + 7, 3*j = -3*q - 2178. Let v = q - -1258. Is v a multiple of 17?
True
Suppose -384*b - 65040 = -405050 - 59734. Is 22 a factor of b?
False
Suppose 91*h - 297949 = 853004 - 4626. Is h a multiple of 17?
True
Is 8 a factor of 993 + -21 + (-14 - -29)?
False
Let p(b) = -55*b + 163*b + b**2 + 2 - 57*b - 57*b. Let a = -7 + 17. Is 27 a factor of p(a)?
False
Suppose 3*v - 14 - 2 = 2*g, -3*v + g = -11. Let b(m) = -11*m**3 + m**2. Let d be b(-2). Suppose 3*h = d - v. Is 5 a factor of h?
True
Let g = -81 + 85. Suppose -3*z = -g*z + 1, -z = 2*k - 581. Is k a multiple of 58?
True
Let j = -57 - -61. Suppose j*u = 5*p - 2*p - 13, -p - 5*u = 2. Suppose p*k - 66 = 3*s, s + 50 = 3*k - 20. Is k even?
True
Suppose -311*b = -272*b - 83928. Is b a multiple of 93?
False
Let j(g) = -g**2 - 14*g - 4. Let i be j(0). Is 17 a factor of (102/5)/(i/(-50))?
True
Let a = 10174 + -8506. Does 22 divide a?
False
Let r = 276 - 273. Suppose -r*c = c - 648. Is 16 a factor of c?
False
Let r(p) = p**3 + 17*p**2 + 3*p + 24. Let m be r(-17). Let k = -21 - m. Suppose 3*z + k*z = 369. Is 24 a factor of z?
False
Let n be (-1)/5*(-36 + -1 + 2). Suppose -94 = -n*x + 1061. Does 9 divide x?
False
Let x(v) = 3*v**3 - 7*v**2 + 3*v + 13. Let i(l) = -6*l - 2. Let y be i(-1). Is x(y) a multiple of 15?
True
Suppose -14*h = -873 - 1031. Let u = 176 - h. Is 33 a factor of u?
False
Let h = 18698 + -8582. Is 84 a factor of h?
False
Let o(c) be the second derivative of c**4/12 + c**3/3 + 47*c**2/2 + 18*c. Let m be o(0). Suppose 5*j - 3 = -3*n + 61, 4*n - j - m = 0. Does 13 divide n?
True
Let f = 1218 + -210. Is 7 a factor of f?
True
Let u(x) = x**3 + x**2 + 144. Suppose 3*i - 5*i = 0. Is u(i) a multiple of 18?
True
Let g = 24 + -22. Let s(h) = -h**2 + 8*h + 4. Let u be s(8). Suppose -2*v = -g*x + 136, -63 = -2*x - u*v + 49. Is 16 a factor of x?
True
Let d be 7 + (-30)/(1 - -5). Suppose -d*f - 5*h = -276, -470 = -5*f - 3*h + 182. Is 32 a factor of f?
True
Let l(w) = 7 + w**3 - 3*w**3 + w**2 - 4*w - w**3 + 4*w**3. Let k = 219 - 215. Is 12 a factor of l(k)?
False
Suppose -9*u + 142 = 43. Suppose u + 37 = -4*z. Is z/(-8) + (-1435)/(-10) a multiple of 44?
False
Let d(w) = w**2 - 3*w**3 + w**3 + 196 - 3*w**2 + 3*w**2. Is d(0) a multiple of 14?
True
Let a be (-6)/(20/(-30)*18/(-8)). Let j be (a - -1)/((-3)/58). Suppose -52 = -5*r + j. Does 22 divide r?
True
Does 75 divide (794/8)/(((-20)/(-96))/((-20)